e factors of d(-2).
7
Let k(t) = t**2 + 4*t + 2. Suppose -5*x - 29 = -0*x + o, 5*o + 35 = -3*x. List the prime factors of k(x).
7
Suppose -1 = 3*j + 3*o - 112, -3*o + 12 = 0. What are the prime factors of j?
3, 11
Suppose -3*f - 195 = -0*f. Let i = f + 97. Let g = i - 20. List the prime factors of g.
2, 3
Suppose 79*b = 77*b + 78. What are the prime factors of b?
3, 13
Suppose -5*s = -0*s - 55. Suppose 4*i - 107 = -s. List the prime factors of i.
2, 3
Let v(d) = -2*d**3 - 2*d**2 + 2*d - 1. Let n be v(1). What are the prime factors of 26 - (-1 - 5 - n)?
29
Let k(g) = -2*g - 16. Let h be k(-11). Let m(a) = -8 + a + 3*a - h*a. List the prime factors of m(-6).
2
Suppose 9*u - 4*u - 20 = 0. Suppose 2*k - d = -2*k + 47, u*k - 5*d - 43 = 0. List the prime factors of k.
2, 3
List the prime factors of (-1957)/(-19) - 2/((-4)/(-6)).
2, 5
Let u = 61 + -41. Let s = -10 + u. List the prime factors of s.
2, 5
Suppose 2*d + 8 = t, 5*d - 6 = -21. Suppose 4*a - 13 = -t*x + 13, 4*x = 5*a - 13. Suppose x*v - v = 4*c - 46, 0 = -2*v - 10. List the prime factors of c.
3
Suppose 0 = 2*v - 3 - 1. Suppose -2*c + 0 = -5*r - 1, -v*c + 10 = -2*r. What are the prime factors of c?
2
Suppose 6*q = q + 15. Suppose -q*h + 4*m + 50 + 40 = 0, -5*m = 0. What are the prime factors of h?
2, 3, 5
What are the prime factors of 80/3 - 1/(-3)?
3
Let w = 2 + -1. Suppose -5*s - 2*v = v - w, 0 = -s - v - 1. What are the prime factors of (s - -2) + -2 - -1?
3
What are the prime factors of (-2)/(-8)*4*31?
31
List the prime factors of ((-9)/2)/(4/(-240)).
2, 3, 5
Let z(h) = 3*h**2 + 6*h + 4. Let c be 56/(-42)*(-6)/(-2). List the prime factors of z(c).
2, 7
Suppose -4*l = 4, -l + 2*l + 49 = r. Let s be 32 + 2 + 1 + -3. Let t = r - s. What are the prime factors of t?
2
Let t(d) = 4*d**2 - 3*d + 2. Let k be t(2). List the prime factors of (-4)/(-5)*(k + -2).
2
Let z be 0 - (0 + -2 + -15). Let v = -8 + z. What are the prime factors of v?
3
What are the prime factors of (-1168)/(-9) - (-60)/270?
2, 5, 13
Let a = -5 + 9. Suppose a*s - i - 28 = -5*i, 4*s - 31 = -3*i. List the prime factors of s.
2, 5
Let d = -65 + 136. What are the prime factors of d?
71
Let h be (-4)/(-8) - (-9)/2. Suppose 0 = -5*u - h*v + 110, -4*u = -u + v - 56. What are the prime factors of u?
17
Let h = -8 - -18. What are the prime factors of h?
2, 5
Let j = 254 + -145. Let c = j - 69. List the prime factors of c.
2, 5
Suppose -l = 5*l - 444. What are the prime factors of l?
2, 37
Let o(f) = -f**2 + 15*f + 3. Let r be o(5). List the prime factors of 1 + r*(-1 - -2).
2, 3
Suppose 6 = -0*n + 3*n. Suppose 0 = -a - 5*v + 17 - n, -2 = v. What are the prime factors of a?
5
Let z be (-8 + 10)/(2/34). Let t = 61 - z. What are the prime factors of t?
3
Let d(x) = -2*x - 1. Let h be d(1). Let z = h - -5. What are the prime factors of z?
2
Suppose 6*l - 7*l = -51. What are the prime factors of l?
3, 17
Let y(d) = -d**3 - 3*d**2 + 3*d + 2. Let j be y(-4). Suppose j*b - 2*b = 5*x + 116, -4*x = 16. Let m = 36 - b. List the prime factors of m.
2, 3
Let d be -2*1 - (-7 + 2). Suppose -d*q = 4 - 10. What are the prime factors of q/(-8) - 29/(-4)?
7
Suppose d + 95 + 48 = 4*j, -61 = -2*j - 3*d. What are the prime factors of j/6 - (-3)/18?
2, 3
Let m = -7 - -11. Suppose -m*l = 2*a - 12, 3*a - 2*a = 0. What are the prime factors of l?
3
Suppose -5*r + 62 + 658 = 0. List the prime factors of r.
2, 3
Let i be -7 + (1 + -1 - -1). Suppose 7*g + 124 = -16. Let l = i - g. What are the prime factors of l?
2, 7
What are the prime factors of (-2 + 4/(-2))*60/(-2)?
2, 3, 5
Let t be 9/(-4)*8/(-3). What are the prime factors of (-6)/(-3 - (-16)/t)?
2, 3
Let s(c) = -c**2 + 4*c - 3. Let v be s(3). Let u = -1 - v. Let p(a) = 10*a**2 - 1. What are the prime factors of p(u)?
3
Suppose -i - i = 32. Let p be 3/(6*(-3)/(-138)). Let y = p + i. What are the prime factors of y?
7
Let h = 5 - 2. Suppose 0*t - 5*t + h*v + 74 = 0, -5*t = -v - 68. List the prime factors of t.
13
Let d(k) = 2*k**2 + 3*k - 4. Let h be d(4). Suppose 4*a + 0*a = 16. Suppose 5*w = 4*n + 50, w - 5*w + h = a*n. List the prime factors of w.
2, 5
Let y = 8 + 245. What are the prime factors of y?
11, 23
Let b(i) = -i. Let x(d) = -d**2 - 10*d - 13. Let s be x(-9). Let r be b(s). Suppose 4*l = -4*k + 64, 0*k - r*l = 5*k - 76. List the prime factors of k.
2, 3
Suppose -r - r = 0. Suppose -4*t - 4*d + 24 = r, -2*t + 9 = -0*t + d. What are the prime factors of t?
3
Let q(l) = -3*l - l + 3*l. Let c be q(-4). Suppose -5*g + 10 = -z - 2*g, -c*z = 5*g - 28. What are the prime factors of z?
2
Suppose -4*i = -8, -19 = -4*q - 5*i + 3. Suppose -29 = q*r - 7*r - m, 2*m = 10. What are the prime factors of r?
2, 3
Let t(u) = -u**2 - 8*u - 6. Let n be t(-6). Let d(j) = j**3 - 5*j**2 - 3*j - 7. List the prime factors of d(n).
11
Let d be (6 + -5)/((-2)/12). Let h be (d/(-8))/(2/(-16)). List the prime factors of h/(-4)*(0 - -6).
3
Suppose -2*h - 49 = -4*z + 41, -h = 5. List the prime factors of z.
2, 5
Let p be (-1)/((7/(-58))/7). What are the prime factors of p/3 - (-1)/(-3)?
19
Suppose 12 = 3*s - 18. Let i(j) be the third derivative of -j**5/60 + 5*j**4/12 + j**3 - j**2. What are the prime factors of i(s)?
2, 3
Let v be -3*3 + (-5 - -2). What are the prime factors of (v/15)/(4/(-110))?
2, 11
Let i = -442 + 665. List the prime factors of i.
223
Suppose 3*y - 4 - 2 = -4*h, -3*y = 5*h - 6. Suppose h*j = j - 14. Suppose -4*r - j = -38. List the prime factors of r.
2, 3
Let k be (3/9)/(2/198). Let u = -17 + k. What are the prime factors of u?
2
Let p(x) = -x + 1. Let u be p(-2). Suppose 0 = u*w + 2 - 149. What are the prime factors of w?
7
Let x = -14 - -26. Suppose -x = 4*d, -4*d + 0*d - 23 = -i. What are the prime factors of i?
11
Let b = -3 + 5. Suppose 5*w = b*h + 15, -w - 12 = -h - 5*w. Let k(x) = -x**3 + x**2 - x + 6. What are the prime factors of k(h)?
2, 3
Let h(s) = -s**3 + 7*s**2 + 6*s - 10. List the prime factors of h(7).
2
Let a = -44 + 67. Suppose k = -0*k - a. Let i = k - -33. What are the prime factors of i?
2, 5
Let i(w) = w**2 - 10*w + 3. Let m be i(11). Suppose 0 = f - 17 - m. List the prime factors of f.
31
Suppose 0 = i - 2, 59 = 5*w - 2*w - 2*i. List the prime factors of w.
3, 7
Let b be (-3)/(36/(-56))*3. Let u = 26 - b. List the prime factors of u.
2, 3
Let o(r) = -r**2 + 9*r + 1. Let x be ((-3)/1)/(-4 - -3). Suppose 5*p = 2*d + 17, x*p - 3*d + 27 = 6*p. List the prime factors of o(p).
3, 7
Let u(z) = 3*z**2 - 10*z + 2. Let t be u(7). Suppose 2*o + 3*y - 52 = -2, 0 = 5*o - 4*y - t. List the prime factors of o.
19
Let j = -138 + 249. Suppose -5*y + 4*i + j = 27, -5*y - 5*i + 120 = 0. What are the prime factors of y?
2, 5
Suppose -k + 47 = -o, 4*k + k + 157 = -3*o. Suppose 5*m = -n - 35, -70 = 2*n - 0*m + 3*m. Let a = n - o. List the prime factors of a.
2, 7
Let f = -3 - -8. Let b be 4/f + 2/10. Let w = b - -14. List the prime factors of w.
3, 5
Let u be 2 - 11 - 0 - -1. Let s = 19 + u. What are the prime factors of s?
11
Let x be 11 + (1 + -2 - -1). Let f = 6 - x. Let u = f + 14. What are the prime factors of u?
3
Suppose v = 1, 0 = -5*s - 4*v + 29 + 15. List the prime factors of s.
2
Suppose -b = -3*b + 10. Let l = 57 + -37. What are the prime factors of b/l - 102/(-8)?
13
Let t(d) = 3*d**2 - 2*d + 3. Let a be t(2). Let m = a - 8. Suppose -2*z = m*z - 15. List the prime factors of z.
3
Suppose -3*t + 2*d + 456 = 0, 4*t + d + 4*d = 585. Suppose -4*k + l + t = -l, 204 = 5*k + 3*l. List the prime factors of k.
3, 13
Suppose 3*w - 3*s + 0 = -6, -5*w = -s - 6. Suppose -2*x - 2*u + 24 = -5*u, -w*u = 4*x - 64. List the prime factors of (-396)/(-20) + 3/x.
2, 5
Suppose 4*c + t - 320 = 0, 7*c + 4*t = 2*c + 411. List the prime factors of c.
79
Suppose -5*d = -10*d + 4*m - 45, 10 = -3*d - m. Let l(v) = 4*v. Let y(g) = g - 1. Let k(w) = -l(w) + 3*y(w). List the prime factors of k(d).
2
Let w(a) = 41*a - 1. Suppose 6 - 1 = 5*i. What are the prime factors of w(i)?
2, 5
Let f(i) = -i**3 - 4*i**2 + 6*i + 5. Let x be f(-5). Suppose 5*w + x*w - 90 = 0. What are the prime factors of w?
2, 3
Let i(w) = -w**2 - 11*w - 1. Let l be i(-11). Let o(c) = -7*c**3 + c**2 + 2*c + 1. What are the prime factors of o(l)?
7
Let c(o) = o**3 + 8*o**2 + 8*o + 9. Let b be c(-7). Suppose -11 = -v + 5*f, -5*v - b*f = -0*f - 28. List 